{"id":34,"date":"2024-06-29T13:21:17","date_gmt":"2024-06-29T11:21:17","guid":{"rendered":"http:\/\/autadoslubow.new-page.pl.new-page.pl\/?page_id=34"},"modified":"2024-07-02T21:22:29","modified_gmt":"2024-07-02T19:22:29","slug":"home","status":"publish","type":"page","link":"https:\/\/autadoslubow.new-page.pl.new-page.pl\/","title":{"rendered":"HOME"},"content":{"rendered":"\t\t<div data-elementor-type=\"wp-page\" data-elementor-id=\"34\" class=\"elementor elementor-34\" data-elementor-post-type=\"page\">\n\t\t\t\t\t\t<section class=\"elementor-section elementor-top-section elementor-element elementor-element-1857c55b elementor-section-height-min-height elementor-section-boxed elementor-section-height-default elementor-section-items-middle\" data-id=\"1857c55b\" data-element_type=\"section\" data-settings=\"{&quot;background_background&quot;:&quot;classic&quot;}\">\n\t\t\t\t\t\t\t<div class=\"elementor-background-overlay\"><\/div>\n\t\t\t\t\t\t\t<div class=\"elementor-container elementor-column-gap-default\">\n\t\t\t\t\t<div class=\"elementor-column elementor-col-100 elementor-top-column elementor-element elementor-element-4694ddb0\" data-id=\"4694ddb0\" data-element_type=\"column\">\n\t\t\t<div class=\"elementor-widget-wrap elementor-element-populated\">\n\t\t\t\t\t\t<div class=\"elementor-element elementor-element-79a05dda elementor-widget elementor-widget-image\" data-id=\"79a05dda\" data-element_type=\"widget\" data-widget_type=\"image.default\">\n\t\t\t\t<div class=\"elementor-widget-container\">\n\t\t\t<style>\/*! elementor - v3.21.0 - 08-05-2024 *\/\n.elementor-widget-image{text-align:center}.elementor-widget-image a{display:inline-block}.elementor-widget-image a img[src$=\".svg\"]{width:48px}.elementor-widget-image img{vertical-align:middle;display:inline-block}<\/style>\t\t\t\t\t\t\t\t\t\t<img decoding=\"async\" width=\"363\" height=\"41\" src=\"https:\/\/autadoslubow.new-page.pl.new-page.pl\/wp-content\/uploads\/2024\/06\/12_wedding.png\" class=\"attachment-full size-full wp-image-38\" alt=\"\" srcset=\"https:\/\/autadoslubow.new-page.pl.new-page.pl\/wp-content\/uploads\/2024\/06\/12_wedding.png 363w, https:\/\/autadoslubow.new-page.pl.new-page.pl\/wp-content\/uploads\/2024\/06\/12_wedding-300x34.png 300w\" sizes=\"(max-width: 363px) 100vw, 363px\" \/>\t\t\t\t\t\t\t\t\t\t\t\t\t<\/div>\n\t\t\t\t<\/div>\n\t\t\t\t<div class=\"elementor-element elementor-element-7ba6fa7e elementor-widget elementor-widget-elementskit-heading\" data-id=\"7ba6fa7e\" data-element_type=\"widget\" data-widget_type=\"elementskit-heading.default\">\n\t\t\t\t<div class=\"elementor-widget-container\">\n\t\t\t<div class=\"ekit-wid-con\" ><div class=\"ekit-heading elementskit-section-title-wraper center   ekit_heading_tablet-   ekit_heading_mobile-\"><h2 class=\"ekit-heading--title elementskit-section-title \">Niepowtarzalne auta na wyj\u0105tkowy dzie\u0144<\/h2>\t\t\t\t<div class='ekit-heading__description'>\n\t\t\t\t\t<p>Zapraszamy do wynaj\u0119cia wyj\u0105tkowe i niepowtarzalne auta<\/p>\n\t\t\t\t<\/div>\n\t\t\t<\/div><\/div>\t\t<\/div>\n\t\t\t\t<\/div>\n\t\t\t\t\t<\/div>\n\t\t<\/div>\n\t\t\t\t\t<\/div>\n\t\t<\/section>\n\t\t\t\t<section class=\"elementor-section elementor-top-section elementor-element elementor-element-7f95c2c2 elementor-section-boxed elementor-section-height-default elementor-section-height-default\" data-id=\"7f95c2c2\" data-element_type=\"section\">\n\t\t\t\t\t\t<div class=\"elementor-container elementor-column-gap-default\">\n\t\t\t\t\t<div class=\"elementor-column elementor-col-100 elementor-top-column elementor-element elementor-element-26f193f7\" data-id=\"26f193f7\" data-element_type=\"column\">\n\t\t\t<div class=\"elementor-widget-wrap elementor-element-populated\">\n\t\t\t\t\t\t<div class=\"elementor-element elementor-element-fe667ee elementor-widget elementor-widget-menu-anchor\" data-id=\"fe667ee\" data-element_type=\"widget\" data-widget_type=\"menu-anchor.default\">\n\t\t\t\t<div class=\"elementor-widget-container\">\n\t\t\t<style>\/*! elementor - v3.21.0 - 08-05-2024 *\/\nbody.elementor-page .elementor-widget-menu-anchor{margin-bottom:0}<\/style>\t\t<div class=\"elementor-menu-anchor\" id=\"oferta\"><\/div>\n\t\t\t\t<\/div>\n\t\t\t\t<\/div>\n\t\t\t\t<div class=\"elementor-element elementor-element-528bf7f elementor-widget elementor-widget-image\" data-id=\"528bf7f\" data-element_type=\"widget\" data-widget_type=\"image.default\">\n\t\t\t\t<div class=\"elementor-widget-container\">\n\t\t\t\t\t\t\t\t\t\t\t\t\t<img decoding=\"async\" width=\"120\" height=\"72\" src=\"https:\/\/autadoslubow.new-page.pl.new-page.pl\/wp-content\/uploads\/2024\/06\/title_img.png\" class=\"attachment-full size-full wp-image-41\" alt=\"\" \/>\t\t\t\t\t\t\t\t\t\t\t\t\t<\/div>\n\t\t\t\t<\/div>\n\t\t\t\t<div class=\"elementor-element elementor-element-7088b367 elementor-widget__width-initial elementor-widget elementor-widget-elementskit-heading\" data-id=\"7088b367\" data-element_type=\"widget\" data-widget_type=\"elementskit-heading.default\">\n\t\t\t\t<div class=\"elementor-widget-container\">\n\t\t\t<div class=\"ekit-wid-con\" ><div class=\"ekit-heading elementskit-section-title-wraper text_center   ekit_heading_tablet-   ekit_heading_mobile-\"><h2 class=\"ekit-heading--title elementskit-section-title \">Oferta<\/h2>\t\t\t\t<div class='ekit-heading__description'>\n\t\t\t\t\t<div>Witamy wszystkie przysz\u0142e M\u0142ode Pary!<\/div>\n<div>\u00a0<\/div>\n<div>\n<p>Na tak wyj\u0105tkowy i wa\u017cny dzie\u0144 w kt\u00f3rym bior\u0105 Pa\u0144stwo \u015blub zapraszamy do wynaj\u0119cia wyj\u0105tkowe i niepowtarzalne auta:<\/p>\n<p><strong>Mercedes E - klasa Avantgarde koloru bia\u0142ego<\/strong><br \/><strong>Mercedes C - klasa pakiet AMG koloru bia\u0142ego<\/strong><\/p>\n<p>Oferujemy przew\u00f3z luksusowymi samochodami marki Mercedes Benz. Elegancja w ka\u017cdym calu, flagowe modele Mercedesa. Na wyposa\u017ceniu aut znajduje si\u0119 sk\u00f3rzana tapicerka wraz z szyberdachem, du\u017ca przestrze\u0144 dla pasa\u017cer\u00f3w na tylnej kanapie i cudowne pod\u015bwietlenie auta w \u015brodku. Wspania\u0142e, eleganckie i dostojne auta, aby u\u015bwietni\u0107 wa\u017cn\u0105 dla M\u0142odej Pary uroczysto\u015b\u0107. W tym wyj\u0105tkowym dniu na Pa\u0144stwa b\u0119dzie czeka\u0107 profesjonalny kierowca o wysokiej kulturze osobistej, gwarantuj\u0105cy punktualno\u015b\u0107 oraz spokojny przejazd w dniu uroczysto\u015bci. Swoj\u0105 ofert\u0119 kierujemy dla klient\u00f3w z Cz\u0119stochowy i okolic.<\/p>\n<p><strong>Napisz lub zadzwo\u0144 - atrakcyjna cena !<\/strong><\/p>\n<p>Cena wynajmu obejmuje:<br \/>- Kierowc\u0119<br \/>- Bia\u0142e tablice z lustrzanym napisem - Nowo\u017ce\u0144cy<br \/>- Zimne napoje<br \/>- Przejazd do oko\u0142o 150km<br \/>- Czas trwania ca\u0142ej us\u0142ugi jest od momentu ewentualnego ubioru samochodu do momentu przewozu Pa\u0144stwa M\u0142odych na sal\u0119 weseln\u0105.<br \/>- Ubi\u00f3r w sztuczne kwiaty<\/p>\n<p><\/p>\n<p><strong>Pozdrawiamy autadoslubow.pl !<\/strong><\/p>\n<\/div>\n\t\t\t\t<\/div>\n\t\t\t<\/div><\/div>\t\t<\/div>\n\t\t\t\t<\/div>\n\t\t\t\t\t<\/div>\n\t\t<\/div>\n\t\t\t\t\t<\/div>\n\t\t<\/section>\n\t\t<div class=\"elementor-element elementor-element-9a51d1c e-flex e-con-boxed e-con e-parent\" data-id=\"9a51d1c\" data-element_type=\"container\">\n\t\t\t\t\t<div class=\"e-con-inner\">\n\t\t\t\t<div class=\"elementor-element elementor-element-3519e9a elementor-widget elementor-widget-image\" data-id=\"3519e9a\" data-element_type=\"widget\" data-widget_type=\"image.default\">\n\t\t\t\t<div class=\"elementor-widget-container\">\n\t\t\t\t\t\t\t\t\t\t\t\t\t<img fetchpriority=\"high\" decoding=\"async\" width=\"800\" height=\"800\" src=\"https:\/\/autadoslubow.new-page.pl.new-page.pl\/wp-content\/uploads\/2024\/06\/e-klasa.jpeg\" class=\"attachment-large size-large wp-image-73\" alt=\"\" srcset=\"https:\/\/autadoslubow.new-page.pl.new-page.pl\/wp-content\/uploads\/2024\/06\/e-klasa.jpeg 960w, https:\/\/autadoslubow.new-page.pl.new-page.pl\/wp-content\/uploads\/2024\/06\/e-klasa-300x300.jpeg 300w, https:\/\/autadoslubow.new-page.pl.new-page.pl\/wp-content\/uploads\/2024\/06\/e-klasa-150x150.jpeg 150w, https:\/\/autadoslubow.new-page.pl.new-page.pl\/wp-content\/uploads\/2024\/06\/e-klasa-768x768.jpeg 768w\" sizes=\"(max-width: 800px) 100vw, 800px\" \/>\t\t\t\t\t\t\t\t\t\t\t\t\t<\/div>\n\t\t\t\t<\/div>\n\t\t\t\t<div class=\"elementor-element elementor-element-f9d0e2e elementor-widget elementor-widget-image\" data-id=\"f9d0e2e\" data-element_type=\"widget\" data-widget_type=\"image.default\">\n\t\t\t\t<div class=\"elementor-widget-container\">\n\t\t\t\t\t\t\t\t\t\t\t\t\t<img loading=\"lazy\" decoding=\"async\" width=\"800\" height=\"800\" src=\"https:\/\/autadoslubow.new-page.pl.new-page.pl\/wp-content\/uploads\/2024\/06\/c-klasa.jpeg\" class=\"attachment-large size-large wp-image-72\" alt=\"\" srcset=\"https:\/\/autadoslubow.new-page.pl.new-page.pl\/wp-content\/uploads\/2024\/06\/c-klasa.jpeg 960w, https:\/\/autadoslubow.new-page.pl.new-page.pl\/wp-content\/uploads\/2024\/06\/c-klasa-300x300.jpeg 300w, https:\/\/autadoslubow.new-page.pl.new-page.pl\/wp-content\/uploads\/2024\/06\/c-klasa-150x150.jpeg 150w, https:\/\/autadoslubow.new-page.pl.new-page.pl\/wp-content\/uploads\/2024\/06\/c-klasa-768x768.jpeg 768w\" sizes=\"(max-width: 800px) 100vw, 800px\" \/>\t\t\t\t\t\t\t\t\t\t\t\t\t<\/div>\n\t\t\t\t<\/div>\n\t\t\t\t\t<\/div>\n\t\t\t\t<\/div>\n\t\t<div class=\"elementor-element elementor-element-b624d5d e-flex e-con-boxed e-con e-parent\" data-id=\"b624d5d\" data-element_type=\"container\">\n\t\t\t\t\t<div class=\"e-con-inner\">\n\t\t\t\t\t<\/div>\n\t\t\t\t<\/div>\n\t\t\t\t<section class=\"elementor-section elementor-top-section elementor-element elementor-element-1651e170 elementor-section-boxed elementor-section-height-default elementor-section-height-default\" data-id=\"1651e170\" data-element_type=\"section\">\n\t\t\t\t\t\t<div class=\"elementor-container elementor-column-gap-default\">\n\t\t\t\t\t<div class=\"elementor-column elementor-col-100 elementor-top-column elementor-element elementor-element-4cc1d41e\" data-id=\"4cc1d41e\" data-element_type=\"column\">\n\t\t\t<div class=\"elementor-widget-wrap elementor-element-populated\">\n\t\t\t\t\t\t<div class=\"elementor-element elementor-element-403bb04 elementor-widget elementor-widget-menu-anchor\" data-id=\"403bb04\" data-element_type=\"widget\" data-widget_type=\"menu-anchor.default\">\n\t\t\t\t<div class=\"elementor-widget-container\">\n\t\t\t\t\t<div class=\"elementor-menu-anchor\" id=\"cennik\"><\/div>\n\t\t\t\t<\/div>\n\t\t\t\t<\/div>\n\t\t\t\t<div class=\"elementor-element elementor-element-713ec911 elementor-widget elementor-widget-image\" data-id=\"713ec911\" data-element_type=\"widget\" data-widget_type=\"image.default\">\n\t\t\t\t<div class=\"elementor-widget-container\">\n\t\t\t\t\t\t\t\t\t\t\t\t\t<img decoding=\"async\" width=\"120\" height=\"72\" src=\"https:\/\/autadoslubow.new-page.pl.new-page.pl\/wp-content\/uploads\/2024\/06\/title_img.png\" class=\"attachment-full size-full wp-image-41\" alt=\"\" \/>\t\t\t\t\t\t\t\t\t\t\t\t\t<\/div>\n\t\t\t\t<\/div>\n\t\t\t\t<div class=\"elementor-element elementor-element-de12a52 elementor-widget elementor-widget-elementskit-heading\" data-id=\"de12a52\" data-element_type=\"widget\" data-widget_type=\"elementskit-heading.default\">\n\t\t\t\t<div class=\"elementor-widget-container\">\n\t\t\t<div class=\"ekit-wid-con\" ><div class=\"ekit-heading elementskit-section-title-wraper center   ekit_heading_tablet-   ekit_heading_mobile-\"><h2 class=\"ekit-heading--title elementskit-section-title \">Cennik<\/h2>\t\t\t\t<div class='ekit-heading__description'>\n\t\t\t\t\t<p><strong>W cen\u0119 wynajmu pojazd\u00f3w wchodzi:<\/strong><\/p>\n<p>- Kierowca<\/p>\n<p>- Tablice rejestracyjne z napisem (M\u0142oda Para)<\/p>\n<p>- Przejazd do do oko\u0142o 150 km<\/p>\n<p>- Ubi\u00f3r w sztuczne kwiaty<\/p>\n<p>- Czas trwania cza\u0142ej us\u0142ugi jest od momentu ewentualnego ubioru samochodu do momentu przewozu Pa\u0144stwa m\u0142odych na sal\u0119 weseln\u0105<\/p>\n<div><span style=\"color: #5b5b5b;font-family: Abhaya Libre, Tahoma, Arial, serif\">Kwota za ca\u0142o\u015b\u0107 przejazdu to <strong>1000 z\u0142\u00a0<\/strong><\/span><\/div>\n<p><span class=\"style3\">Kontakt:\u00a0517-742-070<\/span><\/p>\n\t\t\t\t<\/div>\n\t\t\t<\/div><\/div>\t\t<\/div>\n\t\t\t\t<\/div>\n\t\t\t\t<div class=\"elementor-element elementor-element-63b0aab elementor-widget elementor-widget-image\" data-id=\"63b0aab\" data-element_type=\"widget\" data-widget_type=\"image.default\">\n\t\t\t\t<div class=\"elementor-widget-container\">\n\t\t\t\t\t\t\t\t\t\t\t\t\t<img loading=\"lazy\" decoding=\"async\" width=\"800\" height=\"800\" src=\"https:\/\/autadoslubow.new-page.pl.new-page.pl\/wp-content\/uploads\/2024\/07\/c-klasa.jpeg\" class=\"attachment-large size-large wp-image-109\" alt=\"\" srcset=\"https:\/\/autadoslubow.new-page.pl.new-page.pl\/wp-content\/uploads\/2024\/07\/c-klasa.jpeg 960w, https:\/\/autadoslubow.new-page.pl.new-page.pl\/wp-content\/uploads\/2024\/07\/c-klasa-300x300.jpeg 300w, https:\/\/autadoslubow.new-page.pl.new-page.pl\/wp-content\/uploads\/2024\/07\/c-klasa-150x150.jpeg 150w, https:\/\/autadoslubow.new-page.pl.new-page.pl\/wp-content\/uploads\/2024\/07\/c-klasa-768x768.jpeg 768w\" sizes=\"(max-width: 800px) 100vw, 800px\" \/>\t\t\t\t\t\t\t\t\t\t\t\t\t<\/div>\n\t\t\t\t<\/div>\n\t\t\t\t<section class=\"elementor-section elementor-inner-section elementor-element elementor-element-28c57cd8 elementor-section-boxed elementor-section-height-default elementor-section-height-default\" data-id=\"28c57cd8\" data-element_type=\"section\">\n\t\t\t\t\t\t<div class=\"elementor-container elementor-column-gap-default\">\n\t\t\t\t\t<div class=\"elementor-column elementor-col-100 elementor-inner-column elementor-element elementor-element-3a947dae\" data-id=\"3a947dae\" data-element_type=\"column\">\n\t\t\t<div class=\"elementor-widget-wrap\">\n\t\t\t\t\t\t\t<\/div>\n\t\t<\/div>\n\t\t\t\t\t<\/div>\n\t\t<\/section>\n\t\t\t\t\t<\/div>\n\t\t<\/div>\n\t\t\t\t\t<\/div>\n\t\t<\/section>\n\t\t\t\t<section class=\"elementor-section elementor-top-section elementor-element elementor-element-25c1d41 elementor-hidden-phone elementor-section-boxed elementor-section-height-default elementor-section-height-default\" data-id=\"25c1d41\" data-element_type=\"section\" data-settings=\"{&quot;background_background&quot;:&quot;classic&quot;}\">\n\t\t\t\t\t\t<div class=\"elementor-container elementor-column-gap-default\">\n\t\t\t\t\t<div class=\"elementor-column elementor-col-100 elementor-top-column elementor-element elementor-element-104592e9\" data-id=\"104592e9\" data-element_type=\"column\">\n\t\t\t<div class=\"elementor-widget-wrap elementor-element-populated\">\n\t\t\t\t\t\t<div class=\"elementor-element elementor-element-72282d0 elementor-widget elementor-widget-menu-anchor\" data-id=\"72282d0\" data-element_type=\"widget\" data-widget_type=\"menu-anchor.default\">\n\t\t\t\t<div class=\"elementor-widget-container\">\n\t\t\t\t\t<div class=\"elementor-menu-anchor\" id=\"galeria\"><\/div>\n\t\t\t\t<\/div>\n\t\t\t\t<\/div>\n\t\t\t\t<div class=\"elementor-element elementor-element-3f9d6557 elementor-widget elementor-widget-image\" data-id=\"3f9d6557\" data-element_type=\"widget\" data-widget_type=\"image.default\">\n\t\t\t\t<div class=\"elementor-widget-container\">\n\t\t\t\t\t\t\t\t\t\t\t\t\t<img decoding=\"async\" width=\"120\" height=\"72\" src=\"https:\/\/autadoslubow.new-page.pl.new-page.pl\/wp-content\/uploads\/2024\/06\/title_img.png\" class=\"attachment-full size-full wp-image-41\" alt=\"\" \/>\t\t\t\t\t\t\t\t\t\t\t\t\t<\/div>\n\t\t\t\t<\/div>\n\t\t\t\t<section class=\"elementor-section elementor-inner-section elementor-element elementor-element-9516aec elementor-section-boxed elementor-section-height-default elementor-section-height-default\" data-id=\"9516aec\" data-element_type=\"section\">\n\t\t\t\t\t\t<div class=\"elementor-container elementor-column-gap-default\">\n\t\t\t\t\t<div class=\"elementor-column elementor-col-100 elementor-inner-column elementor-element elementor-element-17feee8a\" data-id=\"17feee8a\" data-element_type=\"column\">\n\t\t\t<div class=\"elementor-widget-wrap elementor-element-populated\">\n\t\t\t\t\t\t<div class=\"elementor-element elementor-element-5e0f00bb elementor-widget elementor-widget-elementskit-heading\" data-id=\"5e0f00bb\" data-element_type=\"widget\" data-widget_type=\"elementskit-heading.default\">\n\t\t\t\t<div class=\"elementor-widget-container\">\n\t\t\t<div class=\"ekit-wid-con\" ><div class=\"ekit-heading elementskit-section-title-wraper center   ekit_heading_tablet-   ekit_heading_mobile-\"><h2 class=\"ekit-heading--title elementskit-section-title \">Galeria<\/h2><\/div><\/div>\t\t<\/div>\n\t\t\t\t<\/div>\n\t\t\t\t\t<\/div>\n\t\t<\/div>\n\t\t\t\t\t<\/div>\n\t\t<\/section>\n\t\t\t\t\t<\/div>\n\t\t<\/div>\n\t\t\t\t\t<\/div>\n\t\t<\/section>\n\t\t\t\t<section class=\"elementor-section elementor-top-section elementor-element elementor-element-7341bcbd elementor-section-boxed elementor-section-height-default elementor-section-height-default\" data-id=\"7341bcbd\" data-element_type=\"section\">\n\t\t\t\t\t\t<div class=\"elementor-container elementor-column-gap-default\">\n\t\t\t\t\t<div class=\"elementor-column elementor-col-100 elementor-top-column elementor-element elementor-element-7d93a326\" data-id=\"7d93a326\" data-element_type=\"column\">\n\t\t\t<div class=\"elementor-widget-wrap elementor-element-populated\">\n\t\t\t\t\t\t<div class=\"elementor-element elementor-element-a2c5fd9 elementor-widget elementor-widget-menu-anchor\" data-id=\"a2c5fd9\" data-element_type=\"widget\" data-widget_type=\"menu-anchor.default\">\n\t\t\t\t<div class=\"elementor-widget-container\">\n\t\t\t\t\t<div class=\"elementor-menu-anchor\" id=\"kontakt\"><\/div>\n\t\t\t\t<\/div>\n\t\t\t\t<\/div>\n\t\t\t\t<div class=\"elementor-element elementor-element-7a1c34d4 elementor-widget elementor-widget-image\" data-id=\"7a1c34d4\" data-element_type=\"widget\" data-widget_type=\"image.default\">\n\t\t\t\t<div class=\"elementor-widget-container\">\n\t\t\t\t\t\t\t\t\t\t\t\t\t<img decoding=\"async\" width=\"120\" height=\"72\" src=\"https:\/\/autadoslubow.new-page.pl.new-page.pl\/wp-content\/uploads\/2024\/06\/title_img.png\" class=\"attachment-full size-full wp-image-41\" alt=\"\" \/>\t\t\t\t\t\t\t\t\t\t\t\t\t<\/div>\n\t\t\t\t<\/div>\n\t\t\t\t<div class=\"elementor-element elementor-element-16a695cf elementor-widget elementor-widget-elementskit-heading\" data-id=\"16a695cf\" data-element_type=\"widget\" data-widget_type=\"elementskit-heading.default\">\n\t\t\t\t<div class=\"elementor-widget-container\">\n\t\t\t<div class=\"ekit-wid-con\" ><div class=\"ekit-heading elementskit-section-title-wraper center   ekit_heading_tablet-   ekit_heading_mobile-\"><h2 class=\"ekit-heading--title elementskit-section-title \">Kontakt<\/h2>\t\t\t\t<div class='ekit-heading__description'>\n\t\t\t\t\t<div>Mail: <a href=\"http:\/\/autadoslubow.op.pl\">autadoslubow.op.pl<\/a><\/div>\n<div>Tel: 517-742-070<\/div>\n<div>\u00a0<\/div>\n<div>Fb :\u00a0<a href=\"https:\/\/www.facebook.com\/AutaDoSlubuCzestochowa\">https:\/\/www.facebook.com\/AutaDoSlubuCzestochowa<\/a><\/div>\n<div>TT:\u00a0<a href=\"https:\/\/www.tiktok.com\/@autadoslubow.pl?is_from_webapp=1&amp;sender_device=pc\">https:\/\/www.tiktok.com\/@autadoslubow.pl?is_from_webapp=1&amp;sender_device=pc<\/a><\/div>\n<div>Insta:\u00a0<a href=\"https:\/\/www.instagram.com\/autadoslubow\/\">https:\/\/www.instagram.com\/autadoslubow\/<\/a><\/div>\n\t\t\t\t<\/div>\n\t\t\t<\/div><\/div>\t\t<\/div>\n\t\t\t\t<\/div>\n\t\t\t\t\t<\/div>\n\t\t<\/div>\n\t\t\t\t\t<\/div>\n\t\t<\/section>\n\t\t<div class=\"elementor-element elementor-element-49cd790 e-flex e-con-boxed e-con e-parent\" data-id=\"49cd790\" data-element_type=\"container\">\n\t\t\t\t\t<div class=\"e-con-inner\">\n\t\t\t\t<div class=\"elementor-element elementor-element-2ea3cc5 elementor-widget elementor-widget-image\" data-id=\"2ea3cc5\" data-element_type=\"widget\" data-widget_type=\"image.default\">\n\t\t\t\t<div class=\"elementor-widget-container\">\n\t\t\t\t\t\t\t\t\t\t\t\t\t<img loading=\"lazy\" decoding=\"async\" width=\"800\" height=\"600\" src=\"https:\/\/autadoslubow.new-page.pl.new-page.pl\/wp-content\/uploads\/2024\/07\/433970840_920526750075000_7820743422828097513_n.jpg\" class=\"attachment-large size-large wp-image-110\" alt=\"\" srcset=\"https:\/\/autadoslubow.new-page.pl.new-page.pl\/wp-content\/uploads\/2024\/07\/433970840_920526750075000_7820743422828097513_n.jpg 960w, https:\/\/autadoslubow.new-page.pl.new-page.pl\/wp-content\/uploads\/2024\/07\/433970840_920526750075000_7820743422828097513_n-300x225.jpg 300w, https:\/\/autadoslubow.new-page.pl.new-page.pl\/wp-content\/uploads\/2024\/07\/433970840_920526750075000_7820743422828097513_n-768x576.jpg 768w\" sizes=\"(max-width: 800px) 100vw, 800px\" \/>\t\t\t\t\t\t\t\t\t\t\t\t\t<\/div>\n\t\t\t\t<\/div>\n\t\t\t\t\t<\/div>\n\t\t\t\t<\/div>\n\t\t\t\t<\/div>\n\t\t","protected":false},"excerpt":{"rendered":"<p>Niepowtarzalne auta na wyj\u0105tkowy dzie\u0144 Zapraszamy do wynaj\u0119cia wyj\u0105tkowe i niepowtarzalne auta Oferta Witamy wszystkie przysz\u0142e M\u0142ode Pary! \u00a0 Na tak wyj\u0105tkowy i wa\u017cny dzie\u0144 w kt\u00f3rym bior\u0105 Pa\u0144stwo \u015blub zapraszamy do wynaj\u0119cia wyj\u0105tkowe i niepowtarzalne auta: Mercedes E &#8211; klasa Avantgarde koloru bia\u0142egoMercedes C &#8211; klasa pakiet AMG koloru bia\u0142ego Oferujemy przew\u00f3z luksusowymi samochodami [&hellip;]<\/p>\n","protected":false},"author":1,"featured_media":0,"parent":0,"menu_order":0,"comment_status":"closed","ping_status":"closed","template":"","meta":{"footnotes":""},"class_list":["post-34","page","type-page","status-publish","hentry"],"_links":{"self":[{"href":"https:\/\/autadoslubow.new-page.pl.new-page.pl\/index.php?rest_route=\/wp\/v2\/pages\/34","targetHints":{"allow":["GET"]}}],"collection":[{"href":"https:\/\/autadoslubow.new-page.pl.new-page.pl\/index.php?rest_route=\/wp\/v2\/pages"}],"about":[{"href":"https:\/\/autadoslubow.new-page.pl.new-page.pl\/index.php?rest_route=\/wp\/v2\/types\/page"}],"author":[{"embeddable":true,"href":"https:\/\/autadoslubow.new-page.pl.new-page.pl\/index.php?rest_route=\/wp\/v2\/users\/1"}],"replies":[{"embeddable":true,"href":"https:\/\/autadoslubow.new-page.pl.new-page.pl\/index.php?rest_route=%2Fwp%2Fv2%2Fcomments&post=34"}],"version-history":[{"count":35,"href":"https:\/\/autadoslubow.new-page.pl.new-page.pl\/index.php?rest_route=\/wp\/v2\/pages\/34\/revisions"}],"predecessor-version":[{"id":116,"href":"https:\/\/autadoslubow.new-page.pl.new-page.pl\/index.php?rest_route=\/wp\/v2\/pages\/34\/revisions\/116"}],"wp:attachment":[{"href":"https:\/\/autadoslubow.new-page.pl.new-page.pl\/index.php?rest_route=%2Fwp%2Fv2%2Fmedia&parent=34"}],"curies":[{"name":"wp","href":"https:\/\/api.w.org\/{rel}","templated":true}]}}